0320012302
Convert 2273352 (base 8) to base 2.
10010111011011101010
-3362b (base 13) to base 9
-152014
-476a5 (base 13) to base 15
-28b32
What is -4008911 (base 11) in base 9?
-14317548
-43241333 (base 5) to base 3
-200201021100
-83b01 (base 13) to base 14
-624c3
-101413242 (base 6) to base 12
-70a222
2279940 (base 12) to base 3
110110220221210
12810 (base 14) to base 11
311a1
-19e909 (base 16) to base 4
-12132210021
What is 368497 (base 13) in base 5?
313203441
What is -1110000110111101001 (base 2) in base 6?
-13524201
-2032201 (base 4) to base 12
-5341
30500 (base 9) to base 3
1000120000
What is -2062451 (base 10) in base 3?
-10212210011002
Convert -1100332032 (base 4) to base 3.
-121211221210
1414442 (base 6) to base 4
103203122
Convert -130334413 (base 5) to base 4.
-2123132322
103285 (base 9) to base 5
3431400
What is 1131141 (base 6) in base 10?
58597
Convert 210010222 (base 3) to base 14.
5892
What is -11010001101110111 (base 2) in base 7?
-625033
Convert -102527 (base 8) to base 2.
-1000010101010111
Convert -2868101 (base 9) to base 10.
-1580554
What is -10100001110000100011 (base 2) in base 5?
-132200223
248a (base 12) to base 13
1b64
-11011000110110000001 (base 2) to base 7
-10356325
What is 112313033 (base 4) in base 3?
11202110102
-11443404131 (base 5) to base 8
-64053242
20004142 (base 5) to base 14
411db
13ba868 (base 12) to base 14
758168
Convert 81a80a (base 12) to base 7.
23152612
What is 233111325 (base 6) in base 8?
20455005
What is 33614 (base 10) in base 2?
1000001101001110
What is 1310201333 (base 4) in base 8?
1644177
521441 (base 7) to base 6
1525525
What is -104104040 (base 5) in base 16?
-6f842
46035 (base 9) to base 14
b254
-888578 (base 10) to base 15
-128438
-21103211 (base 4) to base 16
-94e5
What is -131405104 (base 6) in base 10?
-2598304
Convert -8427d4 (base 14) to base 2.
-10001000001101011000110
314425 (base 6) to base 4
12100301
What is 32312433 (base 5) in base 13?
98813
What is -2b637 (base 12) in base 9?
-103177
-24040351 (base 6) to base 4
-2313203023
Convert b8299 (base 13) to base 3.
121212201010
6da2 (base 14) to base 5
1103104
What is -58059a (base 14) in base 7?
-34323153
-524758 (base 12) to base 4
-10323310310
What is 6d48e7 (base 15) in base 13?
1111615
Convert -a391 (base 15) to base 14.
-c849
-25415250 (base 6) to base 10
-826734
Convert -874257 (base 9) to base 16.
-7f4e9
20543587 (base 9) to base 6
551551254
Convert -3381067 (base 9) to base 14.
-356dd2
Convert 151543100 (base 6) to base 10.
3170700
-21212102021 (base 3) to base 4
-211303210
Convert -45435042 (base 7) to base 16.
-3c6741
What is 7760274 (base 8) in base 12?
848bb8
40089 (base 12) to base 16
14469
Convert 96812 (base 11) to base 4.
202113000
Convert 308c4 (base 14) to base 3.
12221110220
What is -1bbc78c (base 13) in base 4?
-203103000002
What is -325014 (base 9) in base 8?
-572607
Convert 247ad (base 14) to base 11.
61132
-437731 (base 13) to base 8
-6034401
What is -2461296 (base 10) in base 11?
-1431232
-1350633 (base 8) to base 5
-44200324
Convert -2032103331 (base 4) to base 9.
-1077536
-8bb022 (base 15) to base 14
-c58596
Convert 6602661 (base 7) to base 16.
c534f
176546 (base 10) to base 5
21122141
-201010201001 (base 3) to base 2
-1011011111101100110
21588b (base 12) to base 13
156605
Convert 52a89 (base 11) to base 15.
17cee
2663360 (base 7) to base 6
11312312
353444153 (base 6) to base 10
6615717
What is -30390 (base 14) in base 5?
-12202322
Convert -1001002322 (base 4) to base 3.
-111112110122
Convert -13bca09 (base 14) to base 11.
-5467a90
Convert -f93b4 (base 16) to base 8.
-3711664
What is 13221121 (base 5) in base 7?
1061524
What is -2822 (base 9) in base 6?
-13502
What is 3aafd1 (base 16) in base 4?
32222333101
Convert -23250667 (base 8) to base 11.
-2951068
What is 82a938 (base 11) in base 3?
2111200100011
What is 101001000011110000011 (base 2) in base 9?
2470501
What is -69571 (base 13) in base 4?
-232321030
-1233311233 (base 4) to base 11
-2931a0
What is -20030110322 (base 4) in base 8?
-10142472
Convert 1132123 (base 7) to base 9.
236314
Convert 1000220202 (base 4) to base 13.
93666
What is -2a321 (base 14) in base 7?
-614541
Convert -146006 (base 8) to base 12.
-26286
11000001110000001 (base 2) to base 15
1e5d6
Convert 704805 (base 11) to base 15.
175d6e
Convert -40197 (base 15) to base 13.
-71452
c35 (base 15) to base 12
1712
What is -39db9 (base 15) in base 4?
-231100011
What is -13422 (base 10) in base 11?
-a0a2
What is 13440443 (base 5) in base 10?
140123
170119 (base 13) to base 5
121241121
-480335 (base 10) to base 8
-1652117
Convert 104310121 (base 5) to base 3.
212112100010
-42d26c (base 14) to base 8
-10506340
What is -176896 (base 16) in base 12?
-61b95a
What is 1101001011011110 (base 2) in base 4?
31023132
Convert 2200122212 (base 5) to base 7.
54611555
-1010110011110101000 (base 2) to base 10
-354216
-101406 (base 7) to base 10
-17352
8c714 (base 14) to base 6
11153410
What is 365de0 (base 16) in base 15?
4a5a6b
1c8287 (base 13) to base 10
732050
-647610 (base 8) to base 4
-310332020
3d2f05 (base 16) to base 2
1111010010111100000101
Convert 11441344 (base 5) to base 3.
12112111002
4724540 (base 9) to base 8
11577302
32323005 (base 6) to base 2
11101010010011001101
What is 4080292 (base 11) in base 5?
3321004330
What is 5d91 (base 16) in base 3?
1012212011
What is -10003670 (base 8) in base 7?
-23561623
What is 1211002210201 (base 3) in base 5?
221412021
What is 138518 (base 10) in base 8?
416426
What is 424330 (base 6) in base 4?
20131332
What is -601104 (base 7) in base 4?
-120231312
What is -8b3199 (base 12) in base 13?
-5cb4c1
What is 3032033 (base 4) in base 3?
200002212
-4180 (base 11) to base 6
-41341
Convert -2043044 (base 6) to base 3.
-12001001001
What is 221212200021 (base 3) in base 11?
318742
What is 40425105 (base 6) in base 9?
2148675
1154506 (base 9) to base 6
21233010
2444141323 (base 5) to base 14
ac3aba
-465053 (base 9) to base 3
-112012001210
What is -1db00 (base 15) in base 11?
-6694a
-102112132230 (base 4) to base 7
-55614162
What is 2548822 (base 9) in base 3?
2121122220202
Convert -2057812 (base 9) to base 6.
-35335145
Convert 161a324 (base 11) to base 10.
2766207
Convert -1234807 (base 11) to base 3.
-11000220212011
-6352a (base 15) to base 12
-132394
101b9 (base 13) to base 16
70d2
-30003441 (base 5) to base 11
-15050a
Convert 10100010101111011001001 (base 2) to base 11.
3012582
Convert 3d154 (base 14) to base 5.
14314230
What is 3541431 (base 11) in base 2?
10111100100110111111111
What is 110103111231 (base 4) in base 5?
2330301333
What is -131420032 (base 6) in base 15?
-36549b
Convert -1000011011111011100010 (base 2) to base 11.
-1280634
What is -1624564 (base 7) in base 12?
-aa224
What is -25288a3 (base 11) in base 4?
-100233220030
41637520 (base 8) to base 13
1ab451c
10101001100111001000 (base 2) to base 12
296060
What is 13a305 (base 14) in base 4?
2212102101
Convert -10101100000001110110100 (base 2) to base 9.
-11541512
What is -a0d (base 16) in base 10?
-2573
What is -7ab65b (base 16) in base 5?
-4024321300
Convert 4ba84 (base 13) to base 9.
233287
6d68 (base 14) to base 6
224240
What is 13033115 (base 6) in base 4?
1213220213
-1352320 (base 7) to base 15
-38917
Convert -100023154 (base 6) to base 12.
-691aba
What is 551bd (base 15) in base 12?
110597
1406405 (base 10) to base 5
330001110
What is 6504342 (base 7) in base 13?
21933c
2054641 (base 10) to base 8
7654761
-1064660 (base 11) to base 4
-13013130303
What is 6d493 (base 14) in base 12?
10a689
Convert 1110010001011110 (base 2) to base 8.
162136
-13424555 (base 7) to base 3
-2100111220212
What is -a50 (base 15) in base 5?
-33300
What is -1101122 (base 3) in base 9?
-1348
-5a18b (base 15) to base 13
-a0979
Convert -39503 (base 11) to base 9.
-85458
-1719609 (base 10) to base 9
-3210766
1098c (base 15) to base 5
3142112
Convert 947069 (base 11) to base 6.
52305023
-612414 (base 7) to base 13
-38526
Convert 25051 (base 9) to base 3.
212001201
-23ce2 (base 15) to base 8
-337157
What is 111001010000001 (base 2) in base 3?
1111012200
-24410 (base 12) to base 15
-e79c
Convert 20020202202 (base 3) to base 8.
360230
-3d9a77 (base 14) to base 9
-4021028
Convert 17026d (base 14) to base 10.
807225
What is -1c8c